{"id":5206,"date":"2026-02-08T13:03:19","date_gmt":"2026-02-08T13:03:19","guid":{"rendered":"https:\/\/ullapoolguitarfestival.com\/?page_id=5206"},"modified":"2026-02-08T13:03:22","modified_gmt":"2026-02-08T13:03:22","slug":"samuelito","status":"publish","type":"page","link":"https:\/\/ullapoolguitarfestival.com\/?page_id=5206","title":{"rendered":"Samuelito"},"content":{"rendered":"\n<!-- Facebook Like Button v1.9.6 BEGIN [http:\/\/blog.bottomlessinc.com] -->\n<iframe src=\"http:\/\/www.facebook.com\/plugins\/like.php?href=https%3A%2F%2Fullapoolguitarfestival.com%2F%3Fpage_id%3D5206&amp;layout=standard&amp;show_faces=false&amp;width=450&amp;action=like&amp;colorscheme=light\" scrolling=\"no\" frameborder=\"0\" allowTransparency=\"true\" style=\"border:none; overflow:hidden; width:450px; height: 30px; align: left; margin: 2px 0px 2px 0px\"><\/iframe>\n<!-- Facebook Like Button END -->\n<div class=\"wp-block-image\">\n<figure class=\"aligncenter size-full is-resized\"><a href=\"https:\/\/ullapoolguitarfestival.com\/wp-content\/uploads\/2026\/02\/download.jpg\"><img loading=\"lazy\" decoding=\"async\" width=\"148\" height=\"148\" src=\"https:\/\/ullapoolguitarfestival.com\/wp-content\/uploads\/2026\/02\/download.jpg\" alt=\"\" class=\"wp-image-5207\" style=\"width:230px;height:auto\" srcset=\"https:\/\/ullapoolguitarfestival.com\/wp-content\/uploads\/2026\/02\/download.jpg 148w, https:\/\/ullapoolguitarfestival.com\/wp-content\/uploads\/2026\/02\/download-100x100.jpg 100w\" sizes=\"auto, (max-width: 148px) 100vw, 148px\" \/><\/a><\/figure>\n<\/div>\n\n\n<p class=\"has-medium-font-size\"><strong>If you attended the 2022 Festival you would have seen Samuelito playing in a duo with the amazing Antoine Boyer.This year we have Samuelito playing a solo set.<\/strong><\/p>\n\n\n\n<p class=\"has-medium-font-size\"><strong>Samuel Rouesnel &#8220;Sangitananda&#8221; is one of the most recognized flamenco guitarists in France. Born in 1993, he began classical guitar at the age of seven at the Caen Conservatory. He was quickly fascinated by world music and in particular flamenco, which he discovered through singing and guitar. Samuelito then leads a double formation of classical and flamenco guitarist, which causes many meetings (Paco de Luc\u00eda, Tomatito, Vicente Amigo, Roland Dyens, G\u00e9rard Abiton, Ibrahim Maalouf and many others) and takes him on other roads. musical to make him an eclectic guitarist. His first encounter with the public took place on his 16th birthday, thanks to a concert at the Th\u00e9\u00e2tre de Caen, filmed by France T\u00e9l\u00e9visions. It was the beginning of a career that then took him to the international scene (France, Spain, Germany, United States&#8230;).<\/strong><\/p>\n\n\n\n<p class=\"has-medium-font-size\"><br><strong>Solidly anchored in the flamenco tradition, both performer and composer, this young guitarist already noticed has forged a very personal style. Regularly invited to accompany cante (flamenco singing) or baile (flamenco dancing), Sangitananda also leads projects linking various musical styles. His artistic talents lead him to participate occasionally in other types of projects such as film music, collaborations on albums, master classes and internships, sections in magazines.&nbsp;<\/strong><\/p>\n","protected":false},"excerpt":{"rendered":"<p>If you attended the 2022 Festival you would have seen Samuelito playing in a duo with the amazing Antoine Boyer.This year we have Samuelito playing a solo set. Samuel Rouesnel &#8220;Sangitananda&#8221; is one of the most recognized flamenco guitarists in &hellip; <a href=\"https:\/\/ullapoolguitarfestival.com\/?page_id=5206\">Continue reading <span class=\"meta-nav\">&rarr;<\/span><\/a><\/p>\n","protected":false},"author":4,"featured_media":0,"parent":0,"menu_order":0,"comment_status":"closed","ping_status":"closed","template":"showcase.php","meta":{"om_disable_all_campaigns":false,"_monsterinsights_skip_tracking":false,"_monsterinsights_sitenote_active":false,"_monsterinsights_sitenote_note":"","_monsterinsights_sitenote_category":0,"footnotes":""},"class_list":["post-5206","page","type-page","status-publish","hentry"],"aioseo_notices":[],"jetpack_sharing_enabled":true,"_links":{"self":[{"href":"https:\/\/ullapoolguitarfestival.com\/index.php?rest_route=\/wp\/v2\/pages\/5206","targetHints":{"allow":["GET"]}}],"collection":[{"href":"https:\/\/ullapoolguitarfestival.com\/index.php?rest_route=\/wp\/v2\/pages"}],"about":[{"href":"https:\/\/ullapoolguitarfestival.com\/index.php?rest_route=\/wp\/v2\/types\/page"}],"author":[{"embeddable":true,"href":"https:\/\/ullapoolguitarfestival.com\/index.php?rest_route=\/wp\/v2\/users\/4"}],"replies":[{"embeddable":true,"href":"https:\/\/ullapoolguitarfestival.com\/index.php?rest_route=%2Fwp%2Fv2%2Fcomments&post=5206"}],"version-history":[{"count":1,"href":"https:\/\/ullapoolguitarfestival.com\/index.php?rest_route=\/wp\/v2\/pages\/5206\/revisions"}],"predecessor-version":[{"id":5208,"href":"https:\/\/ullapoolguitarfestival.com\/index.php?rest_route=\/wp\/v2\/pages\/5206\/revisions\/5208"}],"wp:attachment":[{"href":"https:\/\/ullapoolguitarfestival.com\/index.php?rest_route=%2Fwp%2Fv2%2Fmedia&parent=5206"}],"curies":[{"name":"wp","href":"https:\/\/api.w.org\/{rel}","templated":true}]}}